?
3
Suppose 9*m - 31 - 14 = 0. Suppose -6*u + 8*u = 5*a + 43, 0 = -m*a - 5. What is the greatest common factor of u and 38?
19
Let w(l) = -l**3 + 4*l**2 + 3*l - 2. Let a be w(5). Let g be (-10)/9*(a - -3). Calculate the greatest common factor of 15 and g.
5
Let p(j) = 3*j**2 - 2*j + 0*j + 4 + 5*j. Let b be p(-3). Let h(w) = 3*w - 10. Let r be h(7). What is the greatest common divisor of b and r?
11
Let w(o) = 2*o**2 + 25*o - 10. Let n be w(-13). Suppose -2*u + 271 = g + u, -n*u = -g + 289. Calculate the highest common divisor of 35 and g.
35
Let x be (3/(-9))/(7/(-42)). Suppose -x*w = 4*w - 216. What is the highest common factor of w and 54?
18
Suppose 2*r - 9 = y, 3*r = -y + 3*y + 13. Suppose -5*m - r*l + 1 = 21, 32 = -5*m - l. Let x be 3*2*(-49)/m. Calculate the highest common divisor of 6 and x.
6
Let j(g) = 7*g - 1. Let z be j(1). Let n be ((-16)/z)/(3/(-9)). Suppose 0 = -4*r + n + 12. What is the highest common factor of 45 and r?
5
Let c = -23 + 20. Let z be c - (4 + -1)/(-3). Let r be (4 - z)/(2/6). Calculate the greatest common divisor of r and 45.
9
Suppose 5*d - 72 + 62 = 0. Suppose 0*y + d*y - 250 = 0. What is the greatest common divisor of y and 25?
25
Suppose 0 = -3*h + y + 619, 4*h = h - 4*y + 614. Let x = 346 - h. Calculate the highest common divisor of 56 and x.
28
Let f = 5 - 3. Let q be (0 + -75)/(-1)*f. Suppose 244 = 6*m + 64. What is the greatest common factor of m and q?
30
Suppose 0 = -4*p - 12, -129 = -8*q + 6*q + 3*p. What is the greatest common factor of 130 and q?
10
Let k = 74 - 29. Suppose 0 = 3*r - 3*i - 73 + 28, -3*r = 5*i - 69. What is the greatest common factor of k and r?
9
Suppose 0 = 4*r - 15 + 43. Let t(p) = p + 11. Let z be t(r). Let g = 42 - 22. What is the greatest common factor of g and z?
4
Suppose 102 = p - 67. Let i = p + -85. Let s be (1 + 0)/(((-14)/24)/(-7)). What is the highest common divisor of i and s?
12
Suppose 0 = -7*v + 71 - 64. Calculate the highest common divisor of v and 29.
1
Let u(q) = 57*q**2 + 3*q - 4. Suppose 2 = -3*h + 5. Let x be u(h). Calculate the greatest common factor of x and 140.
28
Let t = 79 - 16. Calculate the greatest common divisor of 9 and t.
9
Suppose -2*t = -2*o + 298, -5*o + 169 + 597 = 2*t. What is the greatest common divisor of o and 95?
19
Let y(k) = 7*k. Let f be y(1). Suppose 2*p + 4 + 6 = 0. Let h be (2/(-4))/(p/770). Calculate the greatest common divisor of h and f.
7
Let w(i) = -i**2 - i + 115. Let g(y) = -y**2 + 5*y - 5. Let b be g(2). Let j = b - 1. Let u be w(j). Calculate the highest common factor of u and 46.
23
Let s be ((-60)/16)/((-15)/680). Calculate the highest common factor of s and 20.
10
Suppose 5*m = v - 54, 2*v = -v + 5*m + 132. Let d = 70 + -31. Suppose 0 = -5*j + 2*j + d. Calculate the highest common factor of j and v.
13
Let i be -1664*3/(-9)*3. What is the highest common divisor of i and 13?
13
Let n(t) = -1536*t**3 - 2*t - 2. Let s be n(-1). What is the highest common factor of s and 48?
48
Let a be 34/4 + 2/4. Suppose 0 = 3*n + 3, 754 = 6*f - f - 4*n. Let q = 177 - f. What is the greatest common divisor of a and q?
9
Suppose -6*u = -0*u - 12. Let h be (4/6)/((4/6)/u). Calculate the highest common divisor of h and 3.
1
Let i = -2 + 36. Let d = 94 - i. Let y be (24/(-10))/((-2)/d). Calculate the greatest common factor of 180 and y.
36
Let v = -15 - -19. Suppose -8*u + v*u = -48. Calculate the highest common divisor of 36 and u.
12
Let r(c) = c**2 + 2*c + 12. Let h(s) = 4 + 8 + 12*s - 8*s**2 + 9*s**2. Let y be h(-10). Let x be r(y). What is the highest common divisor of x and 24?
12
Suppose -384 = 4*n - 8*n. Suppose 36 = 5*i - 2*i. What is the greatest common factor of i and n?
12
Suppose 51 = -8*w + 507. Suppose -2*y + 76 = -0*y. What is the highest common divisor of y and w?
19
Let u be (-42)/(-10)*((-1430)/(-33))/13. What is the greatest common divisor of u and 14?
14
Suppose -4*a - 5*x + 695 = -a, 0 = -a - x + 233. Calculate the highest common factor of 141 and a.
47
Let p(j) = -j**3 + 8*j**2 - 8*j + 7. Let y be p(7). Suppose y = 2*l - 111 - 45. Calculate the highest common factor of 195 and l.
39
Suppose 7*k - 1099 = 777. Calculate the highest common divisor of k and 67.
67
Let f = 120 + -114. What is the highest common divisor of 6 and f?
6
Let o(p) = 2*p**3 - 36*p**2 - p + 22. Let v be o(18). Calculate the highest common factor of 156 and v.
4
Suppose 4*t - 23 = -l, -5*l = -t - 10 - 0. Let j be 7*l - (3 - 0). Suppose 0 = -3*f + 370 - 100. Calculate the greatest common divisor of j and f.
18
Suppose -2*b - 2*w + 54 = 0, 3*w = -2*b + 5*w + 46. Let l = b + -8. Suppose 15*c - 6*c - 1377 = 0. Calculate the highest common divisor of l and c.
17
Suppose 0 = -3*t - j + 1133, 2*t - 750 - 10 = -3*j. Calculate the highest common divisor of t and 87.
29
Suppose 0 = -4*a - 5*r + 1134, 0*a - 852 = -3*a - 3*r. Calculate the highest common factor of a and 52.
26
Let i(w) = 85*w + 36. Let q be i(9). What is the greatest common factor of q and 9?
9
Let o = 103 + -83. Suppose 0*j + 30 = 2*c - 5*j, -2*c - j + 42 = 0. What is the greatest common factor of c and o?
20
Let x(n) = -5*n + 9. Let a be x(-9). Suppose 4*g = g + a. Suppose -5*y + 6*o = o - 40, 4*y - 16 = -4*o. Calculate the greatest common divisor of g and y.
6
Suppose -4*i + 85 = -27. Let d = 46 - i. What is the highest common factor of 9 and d?
9
Suppose 20*c + 6 = 26*c. What is the greatest common factor of 13 and c?
1
Suppose -12 = 18*n - 15*n. Let c be 4 + n + 1 + 14. Let j be -5*(0 + -1 - 0). Calculate the greatest common divisor of j and c.
5
Let i = -4 + 8. Suppose 4*r - 24 = -i. Suppose 3*b - 42 = r*s - 0*s, -85 = -4*b - 3*s. Calculate the greatest common factor of b and 76.
19
Let g(w) = -14*w + 193. Let y be g(13). Let a = -75 + 119. What is the highest common factor of y and a?
11
Let w be 4/14 - (-14)/(-49). Suppose 4*c - 191 = -5*n - 72, -3*c - 5*n + 88 = w. Let l be 2*(c - 0) - 2. Calculate the highest common divisor of 20 and l.
20
Let w(p) = -p + 6. Let i = 84 - 88. Let f be w(i). What is the highest common factor of 160 and f?
10
Let k = 1670 + -743. Calculate the highest common factor of k and 206.
103
Let u = 199 - -6. Let o = 305 - u. Calculate the greatest common divisor of o and 25.
25
Suppose -163*s - 228 = -166*s. What is the greatest common divisor of 95 and s?
19
Let o(j) = j + 6. Suppose 5*l + 6 - 67 = -4*m, 0 = -2*l - m + 25. Let a = l - 5. Let w be o(a). What is the greatest common divisor of 28 and w?
14
Suppose 130 = 14*x - x. What is the highest common divisor of x and 85?
5
Suppose -g - 2*a + 3*a + 103 = 0, -4*a = -2*g + 216. Calculate the highest common factor of 784 and g.
98
Let v(l) = l**3 - 16*l**2 - 2*l + 15. Let s be v(16). Let u = s - -18. Let i be u/(-7) - (-267)/7. What is the highest common factor of i and 114?
38
Let c = -10 - -16. Suppose -25 = -5*v, 3*h + 0*h + 2*v - 4 = 0. Let n(j) = 9*j**2 + 7*j - 4. Let k be n(h). Calculate the greatest common divisor of k and c.
6
Let q be ((-2 - 1) + -12)/(4/(-20)). What is the highest common factor of 60 and q?
15
Suppose 2*i - 78 = -4*h, -h - i + 19 = -0*i. What is the highest common divisor of h and 80?
20
Suppose 3*k - 397 = 32. Calculate the greatest common divisor of k and 11.
11
Let d = -236 - -238. Let s(n) = n + 5. Let a be s(3). Calculate the greatest common factor of a and d.
2
Suppose 5*t + 43 = 18. Let v(d) = 4*d**2 + 7*d + 15. Let y be v(t). Calculate the highest common divisor of y and 120.
40
Let j be (-764)/(-12) + 24/(-9) + 2. What is the greatest common divisor of 126 and j?
63
Let m = -1881 - -1961. Calculate the highest common divisor of m and 180.
20
Suppose 4*q - 105 = -5*c + 147, 154 = 3*c + q. Let s(z) = -z**3 + 9*z**2 - 3*z - 12. Let r be s(6). What is the highest common divisor of c and r?
26
Suppose -2*s = 3*t - 7*s - 1635, 3*s = -t + 531. What is the highest common divisor of t and 72?
36
Let a be 247/95*(-35)/(-7). Suppose j - 14 = 4*x + 7, -x = j - 11. What is the highest common divisor of j and a?
13
Let j(s) = s**3 + 8*s**2 - 3*s + 8. Let t be j(-8). Let r(k) = -3*k**3 - 3*k**2 - k + 2. Let c be r(-2). Calculate the greatest common factor of c and t.
16
Let o be (3 + (-4)/1)*-3. Suppose -75 = -5*t + 5*f, o*f + 2*f + 27 = 2*t. Calculate the highest common divisor of t and 11